ommon divisor of 21 and a?
21
Let i = 15926 + -11182. What is the highest common divisor of i and 8?
8
Let b be (30 - 1)*(0 - -2). Suppose 0 = -2*t - b + 208. Suppose -9*a + 4*a + t = 0. Calculate the greatest common factor of a and 75.
15
Suppose -2*q = -2*v - v + 22, 3*v - 17 = q. Suppose 4*h + 2*w - 19 = 3, v*w - 20 = -5*h. Let f = 2 + 0. Calculate the greatest common factor of h and f.
2
Suppose 4*v = o + 37, o = 3*v - 20 - 8. What is the highest common divisor of 21 and v?
3
Suppose 3*p - 5*v = 232 + 125, -3*p + 357 = 2*v. Let t = 71 + -54. What is the greatest common factor of p and t?
17
Let m = -5 + 15. Suppose -5*t + m = -35. Calculate the highest common factor of 3 and t.
3
Let y = -103 + 142. What is the highest common divisor of 6 and y?
3
Let p(i) = i**3 + 20*i**2 - i + 32. Let t be p(-20). What is the highest common factor of 28 and t?
4
Let p be (5 - 0)/((-8)/(-120)). What is the greatest common factor of p and 495?
15
Let p be 1/(-3) + 1477/21. Let h be 82/6 + (-1)/(-3). What is the greatest common divisor of p and h?
14
Let f be 2/(-11) + (-21852)/(-396). Calculate the highest common factor of f and 88.
11
Let x be 1407/9 + (-9)/27. Suppose -17*j + 11*j = -x. Calculate the greatest common divisor of j and 13.
13
Let w(n) = 24*n**2 - 17*n - 37. Let x be w(-3). Calculate the highest common divisor of x and 92.
46
Let n(v) = 9*v**2 + 2*v + 1. Let i be n(-2). Let t(m) = 2*m**2 - 6*m + 3. Let z be t(4). What is the greatest common divisor of i and z?
11
Let g be -3 - (1 - 1) - 2*-53. Let q = g - 47. Calculate the highest common divisor of 8 and q.
8
Suppose -5*x + 21 = 5*r - 44, -16 = -r - 4*x. Suppose -4*i - n + 95 = 0, 0 = 2*i + 3*n - 1 - 44. Calculate the highest common divisor of i and r.
12
Suppose 19 = t + 2. Let s(n) = -n**2 + 8*n - 7. Let l be s(7). Suppose 24*o - 28*o + 68 = l. What is the highest common factor of t and o?
17
Let j be 7/14 + (-213)/(-6). Suppose 2*d + 2*d = j. What is the greatest common divisor of 90 and d?
9
Suppose -983 = -20*j + 1237. What is the highest common factor of 296 and j?
37
Let b(x) = -x + 44. Let v be b(0). Let y = 1430 + -1423. Suppose -3*g + v = -y. Calculate the greatest common divisor of 136 and g.
17
Let m = -52 + 1072. Calculate the greatest common divisor of 60 and m.
60
Let i be (-3 - 1)*12/(-46 - -22). Let w = 21 + -13. What is the greatest common divisor of i and w?
2
Let s be 38 + 1 + 3 + -4. Let y = -26 + s. Let g be 110 + (1 - (-3 - -6)). What is the highest common divisor of y and g?
12
Let f(i) = -i**3 - 6*i**2 - 3*i + 15. Let s be f(-7). Let h = 89 - s. What is the highest common factor of 44 and h?
4
Let s(u) = 24*u**2 - 3*u + 2. Let l be s(1). What is the greatest common divisor of l and 138?
23
Let n(o) = -o**2 - 4*o + 10. Suppose 5*x + 3 + 37 = -5*w, 5*w + 25 = -2*x. Let h be n(x). What is the greatest common factor of 35 and h?
5
Let a = 27 + 31. Suppose 2*f - 2 = a. Suppose 0 = 5*g - 5 - 220. Calculate the greatest common factor of g and f.
15
Let c be -1*(5*-2 + -2). Suppose -5*u - 3*k + 81 = -23, 2*k + 92 = 4*u. Let h = u + -14. What is the greatest common factor of h and c?
4
Suppose -d = r - 22, -83 = -4*r - 2*d - d. Let j be 17/(-3)*(-12)/4. What is the greatest common divisor of r and j?
17
Suppose 2*b + 1100 = 7*b. Let t = -9 - -13. Suppose -t*y + 78 = 2*r, 4*r - 2*r + 2 = 0. What is the highest common factor of y and b?
20
Let b(c) = -c**2 - 14*c + 17. Let r be b(-15). Suppose -r*q - 3*q = 4*o - 52, 0 = 4*q - 2*o - 52. Calculate the greatest common factor of q and 18.
6
Suppose -126 - 48 = -58*c. What is the highest common divisor of 57 and c?
3
Let p be 14*(3/(-2))/(-3). Suppose -50 = -p*h + 6*h. What is the greatest common factor of h and 20?
10
Let j(t) be the third derivative of t**5/30 + t**4/8 + t**3 - 2*t**2. Let i be j(-4). Let s = -17 + i. Calculate the highest common divisor of 9 and s.
9
Let n be (-6)/24 + (-33)/(-4). Suppose 2*m + m + 4*v - 11 = 0, 3*v + n = m. Let w = 7 - m. Calculate the greatest common divisor of 10 and w.
2
Let y be 4*2/(-4)*4. Let x(m) = -2*m**2 - 6*m - 5. Let r be x(y). Let v be r/(-25) + (-4)/10. What is the highest common factor of v and 3?
3
Let r be (325/130)/(10/272). Let h = -17 - -34. Calculate the highest common factor of r and h.
17
Suppose y = u + 146, 2*u = 4*y - 388 - 192. Suppose -7*z + y = -5*z. Calculate the highest common factor of 8 and z.
8
Let v be 2/3*(-2310)/(-28) - -5. What is the highest common factor of v and 24?
12
Suppose 4*u = 3*l - 6*l - 258, 2*l + 179 = -5*u. Let o be (-1)/(-2) + l/(-4). Suppose -4*m - m = -70. What is the greatest common divisor of o and m?
7
Let c be (39/(-26))/((-3)/2). Let k be (2*-2)/(c + 0). Let u be 148/18 + k/18. What is the highest common divisor of u and 56?
8
Let o = 22 - 4. Let j be 310/o - 2/9. What is the highest common factor of j and 17?
17
Let h(c) = 4*c**2 + c - 2. Let t be h(1). Suppose -2*r + 147 = -5*k, -t*r = -7*k + 8*k - 195. What is the greatest common divisor of 22 and r?
22
Let k(b) = -3*b**2 + b - 1. Let n be k(-3). Let h = 28 + n. Let u be (-90)/(-4)*(-10)/h. What is the greatest common factor of 30 and u?
15
Let o(q) be the first derivative of -67*q**2 + 5*q + 10. Let a be o(-3). Calculate the greatest common factor of a and 37.
37
Let m(i) = 355*i**3 + 3*i**2 - i - 1. Let g be m(1). Suppose 0 = -4*p + 4*h + g, 2*h = 4*p - 133 - 213. What is the greatest common divisor of p and 126?
42
Let c be (-1 - (-8 - -3)) + 5. Suppose -4*q + c*q = 60. What is the greatest common divisor of 48 and q?
12
Let n be (-18 - 6574/57)/(2/(-3)). What is the greatest common factor of n and 24?
8
Let a = -174 + 249. Let d = a + -33. What is the greatest common factor of 28 and d?
14
Let o = 81 - 77. Suppose 5*m - 60 = -o*y, 37 = m + 5*y + 4. Calculate the greatest common divisor of 20 and m.
4
Let q be (-3)/4 + (-38)/(-8) + -1. Suppose -q*a - a = 5*y - 50, 0 = -5*a. What is the highest common divisor of y and 30?
10
Let x = -207 + 468. Suppose 4*g - 3*b - x = 0, 0*g - 5*b = g - 94. Let k = 310 - 287. What is the greatest common divisor of k and g?
23
Let a be (-3)/(-12) + (-175)/(-20). Suppose -2*s - 2530 = -7*s. Let g be s/a - (-10)/(-45). What is the highest common divisor of g and 7?
7
Suppose 8*t - 819 = 1093. Suppose 5*g + 235 = 4*p - 188, 2*p = -3*g + t. What is the greatest common factor of p and 14?
14
Let b be 2/10 - (-22)/((-110)/(-399)). Calculate the highest common divisor of b and 32.
16
Let t(z) be the third derivative of -z**5/60 + z**4/6 + z**3/2 - 9*z**2. Let f be t(4). Let l = 50 - 29. What is the greatest common divisor of l and f?
3
Let x be ((-70)/(-140))/((1/22)/1). Calculate the greatest common divisor of x and 550.
11
Let o(d) be the second derivative of 7*d**3/2 - 22*d**2 + 37*d. Let w be o(4). Let i = -28 + 48. What is the highest common factor of i and w?
20
Let c(b) = -b**2 - 9*b + 95. Let f be c(6). What is the highest common factor of f and 11?
1
Let a(m) = m**3 + 5*m**2 - 2*m - 3. Let l be a(-4). Let u(g) = -2*g - 55. Let z be u(-45). What is the highest common factor of l and z?
7
Suppose -5*r - 5 = -25. Suppose -14*a + 10*a + 24 = 0. Suppose 0*j = j - a. What is the greatest common factor of j and r?
2
Let d be 242/(-7*5/(-70)). Calculate the highest common divisor of 44 and d.
44
Suppose 0 = -j - 4*z - 48, 5*z + 1 = 2*j + 32. Let k = -14 - j. Let f = k + -2. Calculate the greatest common factor of 12 and f.
12
Suppose -1 = 3*w - 7. Let q(d) = -5*d**2 + 6*d + 0*d**w + 4*d**3 + d**2 - 3*d**3 - 13. Let t be q(7). Calculate the greatest common divisor of t and 16.
16
Let s = 218 - 104. Calculate the greatest common factor of s and 6.
6
Suppose -i = -18*x + 16*x + 44, 0 = -3*i - 6. Let o = -38 + 65. Let r = o - x. What is the highest common divisor of 36 and r?
6
Let x = 293 - 258. What is the highest common divisor of x and 3?
1
Let z(y) = -12*y - 12. Let b be z(4). Let g be -7*(b/5)/1. Calculate the greatest common divisor of 12 and g.
12
Let y be 6/((-80)/45 - -2). Calculate the greatest common factor of y and 54.
27
Let c = 42 + 32. Let m = -358 + 543. Calculate the greatest common factor of m and c.
37
Let h = -146 - -226. Calculate the highest common divisor of h and 400.
80
Let v be 4977/378 + 0 + 2/(-12). Calculate the highest common